e 0 = -3*m + 4*m - y. What is the units digit of m?
5
Let r(o) = 16*o - 1. Let d be r(-1). Let j = d + 30. Suppose -2*g = 0, 3*n - 5*g = 31 - j. What is the units digit of n?
6
Let d(v) = v + 63. What is the tens digit of d(0)?
6
Suppose 0*v - 3*v = 2*q - 6, 3*v = 3*q + 6. What is the units digit of v?
2
Let t be (-53)/(-3) + 2/6. Suppose -5*l + 5*o = o - 79, l = 3*o + t. What is the units digit of -4*(2 - l/6)?
2
Let t be (-25 + 4)*3/(-9). What is the tens digit of 124/t - 6/(-21)?
1
Let a be ((-10)/(-2)*-4)/(-1). Suppose -2*r = -r + a. What is the units digit of (-3)/1*r/6?
0
Suppose 0 = -n + 5*l + 11, -1 - 1 = 2*l. Suppose 0 = 4*c + 8, -w = 4*c - 0*c + n. What is the units digit of (2 + 0)/(w/3)?
3
Let x = 13 - -8. What is the units digit of x?
1
What is the tens digit of 0 - (-70 - (3 + -2))?
7
What is the hundreds digit of (0 - -212) + 5 - -4?
2
Let a(g) = g**2 + 3*g - 3. Let l = 2 - 1. Let h be 0/(0 - l) - -2. What is the units digit of a(h)?
7
Suppose -7*o = -1800 - 853. What is the hundreds digit of o?
3
Suppose -3*s - 4*j = 13 - 5, 4*j = s - 24. Suppose s*r + 0*r - 116 = 0. What is the units digit of r?
9
Let m be 0 + -1 + (3 - -66). Let f = m + -43. Suppose -5*x + f = -0*x. What is the units digit of x?
5
Suppose 0*d - 8 = -4*d. Suppose -d*p + 27 = p. What is the units digit of p?
9
Let b = 4 + 2. Suppose b = g - 0*g. What is the units digit of g?
6
Let k(v) = -590*v. Let r be k(-1). What is the units digit of (-8)/(-36) + r/18?
3
Let c(x) = -2*x - 8. Let n be c(-4). Suppose -3*h = o - n*o - 34, -3*o - 6 = 0. What is the units digit of h?
2
Suppose u + u = 24. Let r = u - 8. What is the units digit of r?
4
Let y be 492/20 - 2/(-5). Suppose -3*d + 1 + 14 = -2*q, 5*d + q - y = 0. Suppose 4*m = -2*j + 30, j - 15 + 0 = d*m. What is the tens digit of j?
1
What is the tens digit of (5 + -136)*(-3 + 2)?
3
Suppose 0 = 10*t - 4*t - 468. What is the tens digit of t?
7
Let o(s) = -s**2 + 7*s + 1. Let l(v) = -2*v - 7. Let g be l(-7). What is the units digit of o(g)?
1
Suppose h = -4 - 18. Let n = 26 + h. What is the units digit of n?
4
Suppose 3*q - 13 = 2*q. What is the tens digit of q?
1
Let f(j) = -j**3 - 10*j**2 + 11*j - 15. Let i be f(-11). Let n be 3/i + 48/15. Let t(p) = p + 1. What is the units digit of t(n)?
4
Let b = 2 + 7. Let s be 87/27 - 2/b. Suppose -5 - 4 = -s*d. What is the units digit of d?
3
Suppose 0 = -3*x - 2*q + 406, -4*x - 5*q = -2*x - 289. What is the units digit of x?
2
Suppose 4*d = 9 - 1. Suppose 1 = -d*l + 3. What is the units digit of l?
1
Let d(p) = p**2 + 2*p - 7. What is the units digit of d(-5)?
8
Let d(t) = 2*t + 3. Let h be d(6). Suppose -h = b - 6*b. What is the units digit of b?
3
Suppose -4*v = -3*c + 20, -c = -4*v + 5*v - 2. Let y(r) = 4*r**2 - 2*r - 1. Let n be y(v). Let z = n - 11. What is the units digit of z?
8
Let w be 1*-1 - (-33 + -1). Suppose 2*t - t + 2*v = -10, -w = 3*t + 3*v. What is the tens digit of -1 + -1 - t - 0?
1
Let i = -36 - -158. What is the tens digit of i?
2
Let i(b) = -b**3 + b**2 + b. Let p be i(0). Suppose 3*f - 26 - 40 = p. What is the tens digit of f?
2
Suppose -2*a - 7 = -3*a + 4*t, 17 = 5*a - 2*t. Suppose a = 4*s - 41. What is the tens digit of s?
1
Let k = 12 + -14. What is the units digit of (k/4)/((-2)/44)?
1
Let z be (-2)/2 - (4 + -71). Suppose 5*x - 24 = z. What is the units digit of 6/x - 46/(-6)?
8
Let d be -1*(-1)/((-1)/(-9)). Let w(q) = -6 - 2*q - q + 4*q. What is the units digit of w(d)?
3
Let j(z) = 3*z + 7. Let f = 40 - 29. What is the tens digit of j(f)?
4
Let v be -1 - 1/((-2)/(-44)). Let h = 57 + v. Let p = h + -19. What is the units digit of p?
5
Suppose -v + 2*v = 3. Suppose 3 - 4 = -v*q + 5*d, 0 = 5*d - 5. Suppose 2*g + q*g - 40 = 0. What is the units digit of g?
0
Let y = -6 + 6. Suppose -2*t = g - 17, t + g + 1 - 12 = y. What is the units digit of t?
6
Let z = -16 + 30. Suppose 4*t - 1 = 3, -5*n = -t - z. Suppose -j - 2 = -0*p + 2*p, n*j = -4*p - 8. What is the units digit of p?
1
Let c be (30 + -6)*(-2)/(-3). Let m = 8 + c. Let f = -13 + m. What is the units digit of f?
1
Suppose -5*f = -m + 126, -3*m - 3*f + 48 + 258 = 0. Suppose 5*j = -x + 5*x + m, j - 4*x = 34. Let k = j - -1. What is the units digit of k?
9
Let r(w) = -7*w**2. Let x be r(2). What is the tens digit of (21/x)/(1/(-28))?
2
Suppose -2*f - 31 = -r - 271, r = 5*f - 603. What is the hundreds digit of f?
1
Let s(y) = -y**3 - 5*y**2 - 5*y - 1. Let c be s(-5). Suppose -4*w + 6 = -4*u + 42, -2*u = w - c. What is the units digit of u?
1
Let g(b) = -b - 1. Let m = -5 - -4. Let z be g(m). Suppose z = -3*t + 3. What is the units digit of t?
1
Let k be ((-9)/(-12))/((-3)/(-8)). Suppose 3*j - 7 = -k*q, -4*j - 2*q - 2*q = -12. What is the units digit of j?
1
Let v(h) = 3*h - 3. Let t be v(2). Let r(i) = 3 + 7*i + 1 - 5 - 6*i. What is the units digit of r(t)?
2
Let m(t) = 5*t**2 - 6 - t**2 - 2*t**2 + 4*t. Let a be m(-5). Suppose k - a = -3*k. What is the units digit of k?
6
Suppose -1018 = -3*n - 274. What is the tens digit of n?
4
Suppose 5*o + 3*r + 2*r - 105 = 0, 0 = -o + 5*r + 21. What is the units digit of o?
1
Suppose -4*q + 2*m - 20 = 7*m, m + 4 = 3*q. Suppose q*i = 2*i. Suppose -5*w = -i*w - 15. What is the units digit of w?
3
Let h(v) = v - 2. Let p be h(7). Suppose -p*j = 4*o - 75, 6*o = j + 2*o + 9. What is the units digit of j?
1
Suppose 5*g - 202 = u, 4*g + 3*u = -u + 152. What is the units digit of g?
0
Let h be -2 - -4 - (-14)/(-7). Suppose -b = -h*b - 42. What is the units digit of b?
2
Let y(g) = -5*g - 12. What is the tens digit of y(-10)?
3
Let b(i) = 6*i**2. Suppose -3 = -g, -4*a + 3 = 2*g + 1. What is the units digit of b(a)?
6
Suppose -j = 3*b - 9, -3*b - 2*b + 15 = -4*j. Suppose j = 2*u - 3*u + 5. Suppose -30 = -2*a + 4*x, u*x - x = -2*a + 6. What is the units digit of a?
9
Let z be (-1)/(-5)*-4*-50. Suppose 2*u + 2*u = z. What is the tens digit of u?
1
Suppose -38 = -i - 4*p, 3*i - 75 = p + 13. Suppose 6*h - h = i. What is the units digit of h?
6
Let l be -1 - (-123)/(1 - 4). Let c = l + 13. Let f = -16 - c. What is the tens digit of f?
1
Suppose -5*b - 13 = 2. Let a(y) = y**2 - 2*y + 4. Let m be a(b). Let r = m + -11. What is the units digit of r?
8
Suppose -2*o = -o - 4*f - 14, -5*f = -5*o + 25. Suppose -6 = k + o*s, s + 19 = 2*k + 6. Suppose 0 = -4*n + 3*n + k. What is the units digit of n?
4
Let s be (2/(-5))/((-1)/5). Suppose -i - 3*f = -0*f - 21, -s*i - f + 17 = 0. What is the units digit of i?
6
Let t(r) = -r + 5. Let y be t(2). Suppose 72 = y*h + h. What is the units digit of h?
8
Let b be 0 + 1 - (3 + 4). Let l be (-1)/(-1 + (-4)/b). What is the units digit of 8/l - 8/12?
2
Let g(q) = q**3 + 7*q**2 + 4*q + 8. Let f be g(-7). Let o = f - -51. What is the units digit of o?
1
Let t(v) = v - 2. Let g be t(5). Suppose -u - 2*u - 2*s + g = 0, 0 = -5*u + 4*s + 27. Suppose 2*w + 3 = u*w. What is the units digit of w?
3
Let g = -208 + 300. What is the units digit of g?
2
Let c = -2 + 2. Suppose c*f = -f + h + 16, 0 = -2*f + 3*h + 29. What is the tens digit of f?
1
Let b(a) = a**2 - 3*a - 6. Let s = -6 - -11. What is the units digit of b(s)?
4
Suppose 3*c + 2*c = 0. Suppose c = 4*a - 9 - 255. Suppose 5*m - 2*w - a = 0, 0*m - 2*w = -2*m + 30. What is the units digit of m?
2
What is the units digit of (-4)/3 + (-112)/(-12)?
8
Let b = -1 + -2. What is the units digit of ((-3)/9)/(1/b)?
1
Let i be (18 - -12) + -1 + 4. Let c = 127 + -84. Suppose -2*w = -5*a + i + 30, -3*w = 5*a - c. What is the tens digit of a?
1
What is the tens digit of 145/4 + 12/16?
3
Suppose -319 = 10*k - 3169. What is the units digit of k?
5
What is the units digit of (-3705)/(-45) - 2/(-3)?
3
Let k(q) = -q**3 + 5*q**2 + 2*q - 6. Let g be (15 + -1)/(1 + 1). Let m = -2 + g. What is the units digit of k(m)?
4
Let u(q) = -q**2 + 8*q + 1. Let h(j) = -j**3 + 7*j**2 + j - 7. Let v be h(7). Suppose v = -5*d + 10 + 20. What is the tens digit of u(d)?
1
Suppose -3*f - 23 + 62 = 0. What is the tens digit of f?
1
Let y(m) = 8*m**3 - 2*m**2 - 5*m - 4. Let h(w) = 16*w**3 - 5*w**2 - 11*w - 9. Let q(u) = -4*h(u) + 9*y(u). What is the units digit of q(1)?
9
Let v(y) = -3*y + 30. What is the tens digit of v(0)?
3
Let l(p) = 16*p - 5. Let o(i) = 15*i - 5. Let s(t) = -3*l(t) + 2*o(t). What is the tens digit of s(-2)?
4
Let h = -